alculate the remainder when j is divided by 11.
10
What is the remainder when 2*22/(-12)*-6 is divided by 6?
4
Let u = -20 + 42. What is the remainder when 87 is divided by u?
21
Suppose 0*o = 3*o - 4*s - 41, 4*s + 20 = 0. Suppose 5*r - o = 8. Suppose 0 = 5*c - r*c - 30. Calculate the remainder when 28 is divided by c.
13
Let b = 217 + -152. Suppose -o + 49 = 2*u + 2*o, -2*u + 4*o + 14 = 0. What is the remainder when b is divided by u?
14
Suppose 0*k - 3*k = -69. Calculate the remainder when 66 is divided by k.
20
Suppose 397 = 5*q - 3*i, -2*i = -q + 3*q - 146. Let a = 51 + -31. Calculate the remainder when q is divided by a.
17
Suppose -33 = -5*z + 112. Suppose 4*n - 39 = -5*r, 4*r - r - z = -n. Calculate the remainder when 21 is divided by r.
10
Suppose 19 = 3*k - 26. What is the remainder when 387 is divided by k?
12
Suppose -3*l - 2*b + 101 = 0, -5*l - 2*b + 68 = -3*l. Let k(x) = -3*x - 4. Calculate the remainder when l is divided by k(-7).
16
Let q be (-1 - 0) + 4 - -1. Suppose 0 = -q*s + 3*s + 4. Let g = 0 + 13. Calculate the remainder when g is divided by s.
1
Let p be 0 + -4 + (4 - 2). Let y = -4 + 12. What is the remainder when p/5 + (-152)/(-5) is divided by y?
6
Suppose -y = 7 + 1. Let o = 14 + y. Let v = 88 + -72. Calculate the remainder when v is divided by o.
4
Suppose -3*u + 8*u = 905. Suppose -61 = 3*t - u. Calculate the remainder when t is divided by 14.
12
Suppose -25 + 0 = -5*o. Let b = o - 3. Suppose -b*j + 21 = j. Calculate the remainder when j is divided by 3.
1
What is the remainder when (0 + 1)*-2*-16 is divided by 5 + (18*7)/7 + -6?
15
Suppose -8*w + 27 = -5*w. What is the remainder when 17 is divided by w?
8
Let c = 7 - 6. Let u = 7 - c. Calculate the remainder when 7 is divided by (-1)/(2/u*-1).
1
Calculate the remainder when (-4 - 0) + 132 - 5 is divided by 18.
15
Calculate the remainder when ((-69)/(-9) - 7)/((-2)/(-12)) is divided by 1.
0
Let y(i) = 3*i**2 + 16*i + 2. Let d(c) = 8*c**2 + 47*c + 5. Let m(r) = 4*d(r) - 11*y(r). Calculate the remainder when m(6) is divided by 12.
10
Let f be 152/10 + (-2)/10. Suppose 5*l - f = -5*o, 3*o + 2*o + 13 = -l. Calculate the remainder when 13 is divided by l.
6
Let p be ((-8)/2)/4 - -10. Suppose p*a = 5*a + 260. Calculate the remainder when a is divided by 17.
14
Let y(l) = 3*l**3 + 12*l**2 - 6*l + 17. Let j(n) = 7*n**3 + 25*n**2 - 11*n + 35. Let m(a) = 2*j(a) - 5*y(a). What is the remainder when 71 is divided by m(-11)?
17
Let t be -6*(-2)/4 - -1. Suppose t*s = 3*c - 21, 4*s - 6 - 28 = -2*c. Suppose 3*d - 46 = 17. Calculate the remainder when d is divided by c.
10
Let a(g) = 8*g**3 - 3*g**2 - 2*g. What is the remainder when a(3) is divided by 31?
28
Let j(d) = 15*d - 16. Let h(i) = -8*i + 8. Let n(z) = -5*h(z) - 3*j(z). Suppose 5*p = -0*p + 100. What is the remainder when n(-6) is divided by p?
18
Let b(r) be the first derivative of -13*r**2/2 - 2. What is the remainder when b(-2) is divided by 9?
8
Suppose 2*g - 35 = -3*c, 0*c + c - 16 = -g. Let f = 39 - 3. Calculate the remainder when f is divided by g.
10
What is the remainder when 18 is divided by ((-28)/6)/(0 - 8/12)?
4
Let r be (8/(-20))/((-1)/130). Suppose -l - r = 3*l. Let j = -9 - l. What is the remainder when 11 is divided by j?
3
Suppose -10 = 79*w - 80*w. Calculate the remainder when 27 is divided by w.
7
Suppose -4*i - 4*k = -184, 0 = 3*i + k - 184 + 56. Suppose 3 = -5*j - 2. Calculate the remainder when i is divided by 26/((-2)/j) + 1.
13
Let d = 21 - 2. Suppose v = -2*u - v + 10, 2*v = -5*u + d. Let x = -3 + 5. Calculate the remainder when u is divided by x.
1
Suppose 5*j = 3*j + 22. Let s(o) = o**2 - 9*o + 3. Calculate the remainder when s(j) is divided by 0 + 0/2 + 9.
7
Let r(t) = 52*t + 1. Let a be r(1). Suppose -p - a = -v, -4*v + 3*p + 2*p = -212. Calculate the remainder when v is divided by 14.
11
Let b(d) = -d - 3. Suppose -5*v = -10 - 5. Suppose y = -v - 6. Calculate the remainder when 17 is divided by b(y).
5
Let k = -54 + 30. Let l be 6/(-21) + k/14. Calculate the remainder when 1*44*1 + l is divided by 15.
12
Suppose 4*p - 20*x = -22*x + 18, -3 = 3*x. What is the remainder when 9*((-2)/(-1) - 1) is divided by p?
4
Suppose -2*p = -s - 32, -4*s = -3*p - p + 72. What is the remainder when 123 is divided by p?
11
Let o = 33 + -13. Let w(i) = -2*i - 3. What is the remainder when o is divided by w(-5)?
6
Suppose -64 - 6 = -5*n. Let d(l) = l**3 - 11*l**2 + 15*l - 11. What is the remainder when d(10) is divided by n?
11
Suppose -3*i = -5*i + 26. Suppose -2*f - 38 = -3*f. Calculate the remainder when f is divided by i.
12
Let t(h) = h**3 - 7*h**2 + 9*h - 9. Let d(l) = 2*l + 1. Let r be d(-5). Let w(m) = -2*m - 12. Let f be w(r). Calculate the remainder when 16 is divided by t(f).
7
Suppose 277 = 9*p - 578. What is the remainder when p is divided by 14?
11
Suppose -27 = -b + 2*n + n, 3*b - 11 = -5*n. Let k(q) = -3 + 2 + 2*q - q**2 + 2*q**2. What is the remainder when k(-6) is divided by b?
11
Let r = 30 - 43. Let o = r + 36. Let y = -6 + o. Calculate the remainder when y is divided by 6.
5
Let f(i) = i. Let a be f(6). Let r(z) = z**3 - 7*z**2 + 9*z - 5. Calculate the remainder when r(a) is divided by 5.
3
Let d(w) = w**3 + 8*w**2 + 3*w + 2. Calculate the remainder when d(-7) is divided by 16.
14
Suppose 0 = -2*z - 2*n, 3*z - 1 = 2*n - 4*n. Suppose 2 = 2*u - 2. What is the remainder when u is divided by z?
0
Suppose 0 = -2*i + 6. Suppose t - l = -t + 79, -5*t - i*l = -203. What is the remainder when t is divided by 11?
7
Suppose -5*l + 95 = 3*i - 2, -i = 3*l - 27. Let b = 11 + i. Let f = 35 + -18. What is the remainder when b is divided by f?
16
Let o(b) be the first derivative of -b**2/2 - 3. Let x be o(-2). Suppose -2*j - x*j - 3*r = -73, 55 = 4*j - 3*r. What is the remainder when 47 is divided by j?
15
Suppose 2*m - 2 - 50 = 0. Calculate the remainder when m is divided by (-171)/(-27) - (-2)/3.
5
Let i(y) = 20*y**2 + y. Let n be 19 - 4/(-1 - 1). Suppose 0 = -5*l + 76 - n. Calculate the remainder when i(1) is divided by l.
10
Suppose -2*o + 0 = 6. Calculate the remainder when 32 is divided by (-1 + 0 - o) + 9.
10
Let x = 30 + -24. Suppose -r + 9 = -13. Suppose 3*b - r = b. Calculate the remainder when b is divided by x.
5
Suppose 0*i + i = 3. Suppose -r = -i*r + 64. Suppose 0 = -4*o + 3*l + 132, -r = -3*o - 3*l + 67. Calculate the remainder when o is divided by 12.
9
Let d(l) = l**3 - 5*l**2 + 6*l - 6. Let u be d(4). Suppose 44 = u*r + 4. Calculate the remainder when r is divided by 2*(-28)/(-8)*1.
6
Suppose -16 = -5*g + 259. Suppose -l - 3*l + 8 = 0. Suppose -b = -d - l*d + g, -2*b = d - 30. What is the remainder when 59 is divided by d?
19
Suppose -2*w + 4*q + 18 = 0, w - 2*q - 22 = -w. Calculate the remainder when 25 is divided by w.
12
Suppose 3*h + 3*y = 192, -2*h + y = 4*y - 127. Calculate the remainder when h is divided by 33.
32
Let s be 1/3 - (-51)/9. Suppose -4*z + s*l + 53 = 3*l, -4*l - 56 = -4*z. Calculate the remainder when 20 is divided by z.
9
Suppose 0*g = 4*s + 2*g - 10, 0 = 4*g + 20. Suppose -3*k + 2 = -1. Suppose 5*b - 11 = -k. What is the remainder when s is divided by b?
1
Let s be (-1 - 0)/((-3)/6). Suppose -2*l = -s*j + 26, 3*l = -2*j - 2 + 3. Suppose -6 = -m - 1. What is the remainder when j is divided by m?
3
Suppose 2*v - 3*q = 10 + 4, 0 = -3*q - 6. Let u = 11 + -8. What is the remainder when v is divided by u?
1
Let n = 7 + 7. Let h be (22 - -1)*(0 - -1). Let y = h - n. What is the remainder when y is divided by 5?
4
Suppose m - 4*g - 44 = g, 4*m - 144 = 4*g. What is the remainder when m is divided by 9?
7
Let q(i) = 19*i**2 - i + 3. Calculate the remainder when q(1) is divided by 6.
3
Let h = -5 + 6. Suppose -2*y + 9 + h = 0. Calculate the remainder when 9 is divided by y.
4
Let h = 1 + 15. Suppose 7 = 2*w + 1. Calculate the remainder when (2 + w)*h/10 is divided by 5.
3
Suppose -4*t + 5*v - 48 = 0, 4*t + 0*v + 48 = -2*v. Let s be (-432)/(-7) - t/42. Let r = -26 + s. What is the remainder when r is divided by 13?
10
Let g(r) = -r**2 + 11*r - 2. Let i be g(8). Let d = 19 + i. Calculate the remainder when d is divided by 21.
20
Let j(o) = o**2 - o - 11. Suppose h + n - 15 = 5, 0 = -n - 5. Calculate the remainder when j(11) is divided by h.
24
Let a = -2 - -21. Let h be 2/(-4) 